{"id":2922,"date":"2018-02-17T18:07:16","date_gmt":"2018-02-17T17:07:16","guid":{"rendered":"http:\/\/schulerothenfluh.ch\/cms\/?page_id=2922"},"modified":"2025-09-23T13:58:50","modified_gmt":"2025-09-23T11:58:50","slug":"spezielle-foerderung","status":"publish","type":"page","link":"https:\/\/schulerothenfluh.ch\/cms\/organisation\/spezielle-foerderung\/","title":{"rendered":"Spezielle F\u00f6rderung"},"content":{"rendered":"\t\t<div data-elementor-type=\"wp-post\" data-elementor-id=\"2922\" class=\"elementor elementor-2922\" data-elementor-post-type=\"page\">\n\t\t\t\t\t\t\t\t\t<section class=\"elementor-section elementor-top-section elementor-element elementor-element-503abe7a elementor-section-boxed elementor-section-height-default elementor-section-height-default\" data-id=\"503abe7a\" data-element_type=\"section\" data-settings=\"{&quot;background_background&quot;:&quot;classic&quot;,&quot;shape_divider_bottom&quot;:&quot;curve&quot;,&quot;shape_divider_bottom_negative&quot;:&quot;yes&quot;}\">\n\t\t\t\t\t\t\t<div class=\"elementor-background-overlay\"><\/div>\n\t\t\t\t\t\t<div class=\"elementor-shape elementor-shape-bottom\" data-negative=\"true\">\n\t\t\t<svg xmlns=\"http:\/\/www.w3.org\/2000\/svg\" viewBox=\"0 0 1000 100\" preserveAspectRatio=\"none\">\n\t<path class=\"elementor-shape-fill\" d=\"M500,97C126.7,96.3,0.8,19.8,0,0v100l1000,0V1C1000,19.4,873.3,97.8,500,97z\"\/>\n<\/svg>\t\t<\/div>\n\t\t\t\t\t<div class=\"elementor-container elementor-column-gap-default\">\n\t\t\t\t\t<div class=\"elementor-column elementor-col-100 elementor-top-column elementor-element elementor-element-7c66c826\" data-id=\"7c66c826\" data-element_type=\"column\">\n\t\t\t<div class=\"elementor-widget-wrap elementor-element-populated\">\n\t\t\t\t\t\t\t\t<div class=\"elementor-element elementor-element-5c33aba0 elementor-headline--style-highlight elementor-widget elementor-widget-animated-headline\" data-id=\"5c33aba0\" data-element_type=\"widget\" data-settings=\"{&quot;highlighted_text&quot;:&quot;F\\u00f6rderung.&quot;,&quot;headline_style&quot;:&quot;highlight&quot;,&quot;marker&quot;:&quot;circle&quot;,&quot;loop&quot;:&quot;yes&quot;,&quot;highlight_animation_duration&quot;:1200,&quot;highlight_iteration_delay&quot;:8000}\" data-widget_type=\"animated-headline.default\">\n\t\t\t\t<div class=\"elementor-widget-container\">\n\t\t\t\t\t<h1 class=\"elementor-headline\">\n\t\t\t\t\t<span class=\"elementor-headline-plain-text elementor-headline-text-wrapper\">Spezielle<\/span>\n\t\t\t\t<span class=\"elementor-headline-dynamic-wrapper elementor-headline-text-wrapper\">\n\t\t\t\t\t<span class=\"elementor-headline-dynamic-text elementor-headline-text-active\">F\u00f6rderung.<\/span>\n\t\t\t\t<\/span>\n\t\t\t\t<\/h1>\n\t\t\t\t<\/div>\n\t\t\t\t<\/div>\n\t\t\t\t<div class=\"elementor-element elementor-element-1309db74 elementor-widget elementor-widget-text-editor\" data-id=\"1309db74\" data-element_type=\"widget\" data-widget_type=\"text-editor.default\">\n\t\t\t\t<div class=\"elementor-widget-container\">\n\t\t\t\t\t\t\t<p><span style=\"color: #ffffff;\">Jedes Kind ist anders \u2013 welch ein Geschenk.<br \/><\/span><\/p>\t\t\t\t\t\t<\/div>\n\t\t\t\t<\/div>\n\t\t\t\t\t<\/div>\n\t\t<\/div>\n\t\t\t\t\t\t\t<\/div>\n\t\t<\/section>\n\t\t\t\t<section class=\"elementor-section elementor-top-section elementor-element elementor-element-8599ab5 elementor-section-boxed elementor-section-height-default elementor-section-height-default\" data-id=\"8599ab5\" data-element_type=\"section\">\n\t\t\t\t\t\t<div class=\"elementor-container elementor-column-gap-default\">\n\t\t\t\t\t<div class=\"elementor-column elementor-col-100 elementor-top-column elementor-element elementor-element-79ce7f9b\" data-id=\"79ce7f9b\" data-element_type=\"column\" data-settings=\"{&quot;background_background&quot;:&quot;classic&quot;}\">\n\t\t\t<div class=\"elementor-widget-wrap elementor-element-populated\">\n\t\t\t\t\t\t\t\t<div class=\"elementor-element elementor-element-3dbb3ec1 elementor-widget elementor-widget-text-editor\" data-id=\"3dbb3ec1\" data-element_type=\"widget\" data-widget_type=\"text-editor.default\">\n\t\t\t\t<div class=\"elementor-widget-container\">\n\t\t\t\t\t\t\t<div class=\"graphic_textbox_layout_style_default\">\n<div class=\"graphic_textbox_layout_style_default\">\n<p><img loading=\"lazy\" decoding=\"async\" class=\"size-full wp-image-2933 aligncenter\" src=\"http:\/\/schulerothenfluh.ch\/cms\/wp-content\/uploads\/2018\/02\/page16image3280.jpg\" alt=\"Spzielle F\u00f6rderung an der Schule Rothenfluh\" width=\"406\" height=\"229\" srcset=\"https:\/\/schulerothenfluh.ch\/cms\/wp-content\/uploads\/2018\/02\/page16image3280.jpg 406w, https:\/\/schulerothenfluh.ch\/cms\/wp-content\/uploads\/2018\/02\/page16image3280-300x169.jpg 300w\" sizes=\"auto, (max-width: 406px) 100vw, 406px\" \/><\/p>\n<p class=\"paragraph_style_7\"><strong>In der Schule Rothenfluh ist die <span class=\"style_4\">Spezielle F\u00f6rderung<\/span> f\u00fcr alle Kinder als Hilfe im schulischen Alltag gedacht. Sie entspricht einer gemeinsamen Haltung, die von allen nach innen und nach aussen vertreten wird.<\/strong><\/p>\n<p class=\"paragraph_style_7\">Aufbauend auf den St\u00e4rken der Sch\u00fclerinnen und Sch\u00fcler f\u00f6rdern wir mit dem Ziel, alle Kinder zu integrieren. Es ist uns ein grosses Anliegen, jedes einzelne Kind in seiner ihm eigenen Besonderheit wahrzunehmen. Dabei ist eine offene und wertsch\u00e4tzende Beziehung zwischen den Lehrpersonen und den Kindern besonders hilfreich. Das Schulklima wird respektvoll und in einer wohlwollenden Haltung Sch\u00fclerinnen und Sch\u00fclern, Lehrpersonen, Eltern und weiteren involvierten Personen gegen\u00fcber gestaltet.<\/p>\n<p class=\"paragraph_style_7\">Sch\u00fclerinnen und Sch\u00fcler, die auf Grund ihres pers\u00f6nlichen Bedarfs <span class=\"style_4\">Spezielle F\u00f6rderung<\/span> zugesprochen erhalten haben, werden in erh\u00f6htem Mass gezielt unterst\u00fctzt und begleitet. Sie arbeiten an individuellen Lernzielen.<\/p>\n<p class=\"paragraph_style_7\">Die bestm\u00f6gliche Integration dieser Kinder im Klassenverband und in der ganzen Schulgemeinschaft, ist uns dabei ein wichtiges und dauerhaftes Anliegen.<\/p>\n<p class=\"paragraph_style_7\">Eine weitere Hauptaufgabe der <span class=\"style_4\">Speziellen F\u00f6rderung<\/span> ist das Beraten und Begleiten der Lehrpersonen, der Eltern und weiteren beteiligten Personen. Dabei ist der Kontakt zu den verschiedenen Fachstellen sowie die Vernetzung aller Beteiligten besonders wichtig.<\/p>\n<p class=\"paragraph_style_7\">Die <span class=\"style_4\">Spezielle F\u00f6rderung<\/span> findet je nach Situation in angemessenen Settings statt, sei das im Einzelunterricht, in Gruppen, in der Klasse oder im Teamteaching. Das setzt Offenheit, Bereitschaft und klare Absprachen unter den Lehrpersonen voraus.<\/p>\n<hr>\n<h3>&nbsp;<\/h3>\n<h3 class=\"paragraph_style_9\">Integrative Schulungsform (ISF)<\/h3>\n<p class=\"paragraph_style_10\">Die Unterst\u00fctzung ist f\u00fcr Kinder vorgesehen, die in einzelnen oder verschiedenen&nbsp; Hauptf\u00e4chern M\u00fche haben, die Lernziele zu erreichen. Die Kinder bleiben in der Klasse und im Dorf integriert, erhalten aber Unterst\u00fctzung. Eine Abkl\u00e4rung und Zuweisung durch den schulpsychologischen Dienst ist zwingend. Unsere Heilp\u00e4dagogen sind f\u00fcr diese Aufgabe verantwortlich und entscheidet in Absprache mit der Schulleitung, der Klassenlehrperson sowie den Eltern, wie die spezielle F\u00f6rderung umgesetzt wird. Die Kinder k\u00f6nnen einzeln, in Kleingruppen oder im Klassenverband gef\u00f6rdert werden. Sobald das Kind diese Unterst\u00fctzung nicht mehr braucht, wird ISF beendet.<\/p>\n<hr>\n<h3>&nbsp;<\/h3>\n<h3 class=\"paragraph_style_9\">F\u00f6rderunterricht (FU)<\/h3>\n<p class=\"paragraph_style_10\">Vom F\u00f6rderunterricht k\u00f6nnen <span class=\"style_5\">alle<\/span> Kinder profitieren, indem sie Wissensl\u00fccken schliessen oder zus\u00e4tzlich in den F\u00e4chern Sprache und Mathematik \u00fcben k\u00f6nnen. Normalerweise wird der F\u00f6rderunterricht integrativ erteilt.<\/p>\n<hr>\n<h3>&nbsp;<\/h3>\n<h3 class=\"paragraph_style_9\">Deutsch als Zweitsprache (DaZ)<\/h3>\n<p class=\"paragraph_style_10\">Kinder mit ungen\u00fcgenden Deutschkenntnissen k\u00f6nnen ab dem 1. Kindergartenjahr in Kleingruppen oder in Einzelunterricht unterst\u00fctzt werden. Bei Bedarf wird der Unterricht in der Primarschule weitergef\u00fchrt.<\/p>\n<hr>\n<h3>&nbsp;<\/h3>\n<h3 class=\"paragraph_style_9\">Heilp\u00e4dagogik im Kindergarten<\/h3>\n<p class=\"paragraph_style_10\">Im Kindergarten f\u00fchrt der Heilp\u00e4dagoge\/die Heilp\u00e4dagogin bei allen Kindern eine Grunderfassung durch. Falls Unterst\u00fctzungsbedarf besteht und die Eltern einverstanden sind, wird im 2. Kindergartenjahr das Kind gezielt gef\u00f6rdert. Dabei arbeitet die Lehrperson f\u00fcr Heilp\u00e4dagogik eng mit der Kindergartenlehrperson zusammen.<\/p><\/div>\n<\/div>\t\t\t\t\t\t<\/div>\n\t\t\t\t<\/div>\n\t\t\t\t\t<\/div>\n\t\t<\/div>\n\t\t\t\t\t\t\t<\/div>\n\t\t<\/section>\n\t\t\t\t<section class=\"elementor-section elementor-top-section elementor-element elementor-element-212b0216 elementor-section-boxed elementor-section-height-default elementor-section-height-default\" data-id=\"212b0216\" data-element_type=\"section\">\n\t\t\t\t\t\t<div class=\"elementor-container elementor-column-gap-default\">\n\t\t\t\t\t<div class=\"elementor-column elementor-col-100 elementor-top-column elementor-element elementor-element-2c02bb7\" data-id=\"2c02bb7\" data-element_type=\"column\">\n\t\t\t<div class=\"elementor-widget-wrap elementor-element-populated\">\n\t\t\t\t\t\t\t\t<div class=\"elementor-element elementor-element-d352345 elementor-widget elementor-widget-spacer\" data-id=\"d352345\" data-element_type=\"widget\" data-widget_type=\"spacer.default\">\n\t\t\t\t<div class=\"elementor-widget-container\">\n\t\t\t\t\t<div class=\"elementor-spacer\">\n\t\t\t<div class=\"elementor-spacer-inner\"><\/div>\n\t\t<\/div>\n\t\t\t\t<\/div>\n\t\t\t\t<\/div>\n\t\t\t\t\t<\/div>\n\t\t<\/div>\n\t\t\t\t\t\t\t<\/div>\n\t\t<\/section>\n\t\t\t\t\t\t\t<\/div>\n\t\t","protected":false},"excerpt":{"rendered":"<p>Spezielle F\u00f6rderung. Jedes Kind ist anders \u2013 welch ein Geschenk. In der Schule Rothenfluh ist die Spezielle F\u00f6rderung f\u00fcr alle Kinder als Hilfe im schulischen Alltag gedacht. Sie entspricht einer gemeinsamen Haltung, die von allen nach innen und nach aussen vertreten wird. Aufbauend auf den St\u00e4rken der Sch\u00fclerinnen und Sch\u00fcler f\u00f6rdern wir mit dem Ziel, [&hellip;]<\/p>\n","protected":false},"author":1,"featured_media":0,"parent":6022,"menu_order":0,"comment_status":"closed","ping_status":"closed","template":"","meta":{"footnotes":""},"class_list":["post-2922","page","type-page","status-publish","hentry","entry"],"_links":{"self":[{"href":"https:\/\/schulerothenfluh.ch\/cms\/wp-json\/wp\/v2\/pages\/2922","targetHints":{"allow":["GET"]}}],"collection":[{"href":"https:\/\/schulerothenfluh.ch\/cms\/wp-json\/wp\/v2\/pages"}],"about":[{"href":"https:\/\/schulerothenfluh.ch\/cms\/wp-json\/wp\/v2\/types\/page"}],"author":[{"embeddable":true,"href":"https:\/\/schulerothenfluh.ch\/cms\/wp-json\/wp\/v2\/users\/1"}],"replies":[{"embeddable":true,"href":"https:\/\/schulerothenfluh.ch\/cms\/wp-json\/wp\/v2\/comments?post=2922"}],"version-history":[{"count":15,"href":"https:\/\/schulerothenfluh.ch\/cms\/wp-json\/wp\/v2\/pages\/2922\/revisions"}],"predecessor-version":[{"id":5299,"href":"https:\/\/schulerothenfluh.ch\/cms\/wp-json\/wp\/v2\/pages\/2922\/revisions\/5299"}],"up":[{"embeddable":true,"href":"https:\/\/schulerothenfluh.ch\/cms\/wp-json\/wp\/v2\/pages\/6022"}],"wp:attachment":[{"href":"https:\/\/schulerothenfluh.ch\/cms\/wp-json\/wp\/v2\/media?parent=2922"}],"curies":[{"name":"wp","href":"https:\/\/api.w.org\/{rel}","templated":true}]}}